2, 3, 11, 307
List the prime factors of 25888.
2, 809
What are the prime factors of 698?
2, 349
List the prime factors of 2103.
3, 701
What are the prime factors of 2240?
2, 5, 7
What are the prime factors of 12574?
2, 6287
List the prime factors of 2715.
3, 5, 181
List the prime factors of 41296.
2, 29, 89
List the prime factors of 3017.
7, 431
What are the prime factors of 357?
3, 7, 17
What are the prime factors of 643?
643
What are the prime factors of 43184?
2, 2699
List the prime factors of 1145.
5, 229
List the prime factors of 127430.
2, 5, 12743
What are the prime factors of 13784?
2, 1723
List the prime factors of 35796.
2, 3, 19, 157
List the prime factors of 8648.
2, 23, 47
What are the prime factors of 670?
2, 5, 67
What are the prime factors of 6972?
2, 3, 7, 83
List the prime factors of 251.
251
What are the prime factors of 978?
2, 3, 163
List the prime factors of 135574.
2, 53, 1279
List the prime factors of 557.
557
List the prime factors of 16612.
2, 4153
List the prime factors of 104.
2, 13
List the prime factors of 790.
2, 5, 79
What are the prime factors of 8303?
19, 23
What are the prime factors of 11756?
2, 2939
List the prime factors of 1491.
3, 7, 71
What are the prime factors of 12221?
11, 101
What are the prime factors of 444?
2, 3, 37
What are the prime factors of 4687?
43, 109
What are the prime factors of 1125?
3, 5
What are the prime factors of 26514?
2, 3, 491
List the prime factors of 2655.
3, 5, 59
What are the prime factors of 4705?
5, 941
List the prime factors of 39568.
2, 2473
What are the prime factors of 2434?
2, 1217
List the prime factors of 1152.
2, 3
What are the prime factors of 7671?
3, 2557
What are the prime factors of 1918?
2, 7, 137
List the prime factors of 1363.
29, 47
List the prime factors of 72400.
2, 5, 181
List the prime factors of 16145.
5, 3229
List the prime factors of 53252.
2, 13313
List the prime factors of 481.
13, 37
List the prime factors of 1922.
2, 31
List the prime factors of 5112.
2, 3, 71
List the prime factors of 566.
2, 283
List the prime factors of 321.
3, 107
List the prime factors of 506.
2, 11, 23
What are the prime factors of 24304?
2, 7, 31
List the prime factors of 109113.
3, 37, 983
What are the prime factors of 37459?
47, 797
What are the prime factors of 115293?
3, 38431
What are the prime factors of 1550?
2, 5, 31
List the prime factors of 106318.
2, 17, 53, 59
What are the prime factors of 472?
2, 59
List the prime factors of 125.
5
What are the prime factors of 471?
3, 157
What are the prime factors of 6056?
2, 757
List the prime factors of 1113.
3, 7, 53
What are the prime factors of 2120?
2, 5, 53
List the prime factors of 70505.
5, 59, 239
List the prime factors of 17401.
17401
List the prime factors of 937.
937
List the prime factors of 2541.
3, 7, 11
List the prime factors of 42529.
71, 599
List the prime factors of 14718.
2, 3, 11, 223
List the prime factors of 762.
2, 3, 127
What are the prime factors of 984?
2, 3, 41
List the prime factors of 1807.
13, 139
List the prime factors of 17090.
2, 5, 1709
List the prime factors of 4128.
2, 3, 43
List the prime factors of 1965.
3, 5, 131
What are the prime factors of 9933?
3, 7, 11, 43
What are the prime factors of 67728?
2, 3, 17, 83
What are the prime factors of 698?
2, 349
What are the prime factors of 10188?
2, 3, 283
List the prime factors of 57629.
11, 13, 31
What are the prime factors of 2200?
2, 5, 11
List the prime factors of 6530.
2, 5, 653
List the prime factors of 63666.
2, 3, 131
List the prime factors of 1010.
2, 5, 101
What are the prime factors of 27544?
2, 11, 313
What are the prime factors of 101923?
227, 449
What are the prime factors of 1123?
1123
What are the prime factors of 1895?
5, 379
List the prime factors of 25659.
3, 2851
What are the prime factors of 1017?
3, 113
List the prime factors of 869.
11, 79
List the prime factors of 820.
2, 5, 41
What are the prime factors of 479?
479
List the prime factors of 25662.
2, 3, 7, 13, 47
What are the prime factors of 476?
2, 7, 17
What are the prime factors of 209?
11, 19
List the prime factors of 16982.
2, 7, 1213
List the prime factors of 72489.
3, 73, 331
What are the prime factors of 21350?
2, 5, 7, 61
List the prime factors of 3458.
2, 7, 13, 19
List the prime factors of 18829.
19, 991
List the prime factors of 162.
2, 3
List the prime factors of 189.
3, 7
What are the prime factors of 28813?
28813
What are the prime factors of 9670?
2, 5, 967
List the prime factors of 1825.
5, 73
What are the prime factors of 24371?
24371
List the prime factors of 2227.
17, 131
List the prime factors of 114.
2, 3, 19
What are the prime factors of 17314?
2, 11, 787
What are the prime factors of 8824?
2, 1103
What are the prime factors of 1627?
1627
List the prime factors of 36276.
2, 3, 3023
List the prime factors of 26692.
2, 6673
List the prime factors of 4071.
3, 23, 59
What are the prime factors of 3821?
3821
What are the prime factors of 6629?
7, 947
List the prime factors of 24951.
3, 8317
List the prime factors of 13256.
2, 1657
What are the prime factors of 4834?
2, 2417
List the prime factors of 4520.
2, 5, 113
List the prime factors of 3688.
2, 461
What are the prime factors of 3088?
2, 193
What are the prime factors of 3114?
2, 3, 173
What are the prime factors of 63892?
2, 15973
List the prime factors of 17828.
2, 4457
List the prime factors of 162726.
2, 3, 37, 733
What are the prime factors of 40679?
19, 2141
List the prime factors of 1109.
1109
List the prime factors of 1731.
3, 577
What are the prime factors of 13599?
3, 1511
What are the prime factors of 84455?
5, 7, 19, 127
List the prime factors of 14821.
14821
What are the prime factors of 42442?
2, 21221
List the prime factors of 1077.
3, 359
List the prime factors of 15596.
2, 7, 557
List the prime factors of 43981.
7, 61, 103
What are the prime factors of 18065?
5, 3613
What are the prime factors of 9655?
5, 1931
What are the prime factors of 23969?
11, 2179
What are the prime factors of 18678?
2, 3, 11, 283
List the prime factors of 19125.
3, 5, 17
What are the prime factors of 14913?
3, 1657
List the prime factors of 38235.
3, 5, 2549
What are the prime factors of 6103?
17, 359
List the prime factors of 1569.
3, 523
What are the prime factors of 3355?
5, 11, 61
What are the prime factors of 2296?
2, 7, 41
What are the prime factors of 4247?
31, 137
List the prime factors of 3099.
3, 1033
List the prime factors of 3419.
13, 263
List the prime factors of 694.
2, 347
What are the prime factors of 267?
3, 89
What are the prime factors of 2245?
5, 449
What are the prime factors of 29472?
2, 3, 307
What are the prime factors of 1284?
2, 3, 107
What are the prime factors of 2476?
2, 619
List the prime factors of 2012.
2, 503
List the prime factors of 4165.
5, 7, 17
What are the prime factors of 3083?
3083
List the prime factors of 7065.
3, 5, 157
What are the prime factors of 8678?
2, 4339
List the prime factors of 11636.
2, 2909
List the prime factors of 141262.
2, 11, 6421
What are the prime factors of 829?
829
List the prime factors of 32936.
2, 23, 179
What are the prime factors of 1396?
2, 349
What are the prime factors of 3598?
2, 7, 257
What are the prime factors of 89372?
2, 22343
What are the prime factors of 101?
101
List the prime factors of 72594.
2, 3, 37, 109
List the prime factors of 167965.
5, 7, 4799
What are the prime factors of 8977?
47, 191
List the prime factors of 3400.
2, 5, 17
List the prime factors of 1014.
2, 3, 13
What are the prime factors of 519?
3, 173
What are the prime factors of 99598?
2, 19, 2621
List the prime factors of 1505.
5, 7, 43
List the prime factors of 6904.
2, 863
What are the prime factors of 7515?
3, 5, 167
List the prime factors of 6106.
2, 43, 71
List the prime factors of 796.
2, 199
List the prime factors of 2007.
3, 223
What are the prime factors of 3701?
3701
List the prime factors of 1976.
2, 13, 19
List the prime factors of 20625.
3, 5, 11
List the prime factors of 28794.
2, 3, 4799
What are the prime factors of 161377?
161377
List the prime factors of 2100.
2, 3, 5, 7
List the prime factors of 6187.
23, 269
List the prime factors of 32561.
32561
List the prime factors of 3552.
2, 3, 37
What are the prime factors of 97054?
2, 